base 5) in base 14?
182d
-515 (base 15) to base 4
-101321
What is -121132 (base 4) in base 6?
-11314
Convert -24555 (base 11) to base 2.
-1000100111000111
What is 53035 (base 7) in base 2?
11001100000100
937 (base 15) to base 16
81d
What is 330131 (base 4) in base 16?
f1d
Convert 3112211 (base 4) to base 15.
4108
2794 (base 15) to base 6
103104
Convert 131031 (base 4) to base 10.
1869
4440 (base 6) to base 10
1032
-4305 (base 8) to base 15
-9ea
-450c (base 16) to base 11
-1230a
What is -186a (base 13) in base 4?
-320311
1801 (base 13) to base 15
10ba
2317 (base 8) to base 14
63d
Convert 17241 (base 8) to base 5.
222331
-6737 (base 8) to base 4
-313133
Convert 12120 (base 7) to base 16.
c4e
Convert 150422 (base 6) to base 4.
3201032
314521 (base 6) to base 2
110010001010001
What is -10001000110110100 (base 2) in base 8?
-210664
153a (base 14) to base 10
3776
Convert 127835 (base 9) to base 11.
53628
Convert 3011 (base 6) to base 4.
22033
Convert -414 (base 10) to base 13.
-25b
Convert 6231 (base 7) to base 16.
882
-12340 (base 8) to base 12
-3114
133323 (base 5) to base 15
1943
Convert 212212 (base 4) to base 8.
4646
What is -50657 (base 10) in base 16?
-c5e1
What is 202222 (base 5) in base 14?
256a
Convert -101000011111100 (base 2) to base 14.
-77ac
Convert 4212 (base 5) to base 8.
1055
Convert -1501 (base 9) to base 15.
-50a
What is 2b13 (base 16) in base 15?
3402
Convert -2013130 (base 4) to base 11.
-6570
Convert 2a40 (base 11) to base 14.
15da
What is 18 (base 15) in base 7?
32
Convert 14024 (base 6) to base 10.
2176
What is -79 (base 14) in base 12?
-8b
What is 1000330 (base 4) in base 6?
31124
Convert b80 (base 12) to base 7.
4620
What is 600 (base 7) in base 13?
198
What is -1084 (base 16) in base 14?
-1780
211210 (base 3) to base 8
1147
Convert 368 (base 11) to base 4.
12311
Convert -3231 (base 6) to base 5.
-10424
What is -4253 (base 7) in base 8?
-2744
Convert 301023 (base 4) to base 11.
2401
What is 26a (base 13) in base 7?
1146
-5717 (base 8) to base 3
-11010222
What is 23313 (base 10) in base 6?
255533
503355 (base 6) to base 14
10659
What is 1010110122 (base 3) in base 6?
250455
What is -10020001 (base 3) in base 5?
-33400
What is a24 (base 11) in base 3?
1200210
Convert 1305052 (base 6) to base 5.
4233341
What is -317d (base 14) in base 2?
-10000101011011
-1083a (base 11) to base 13
-7180
31232 (base 4) to base 11
729
What is 2219 (base 10) in base 12?
134b
-10566 (base 7) to base 10
-2694
-3752 (base 8) to base 15
-901
-a7 (base 12) to base 16
-7f
What is 3462 (base 9) in base 7?
10325
What is -1030 (base 9) in base 16?
-2f4
What is -211 (base 7) in base 5?
-411
-13b (base 13) to base 9
-263
-10487 (base 14) to base 5
-2224234
Convert -ccc (base 13) to base 16.
-894
What is 110042 (base 6) in base 15?
2a68
What is b5 (base 14) in base 6?
423
What is 11230 (base 4) in base 8?
554
What is 4843 (base 9) in base 13?
1842
What is -590 (base 15) in base 5?
-20020
Convert 34202 (base 5) to base 8.
4573
Convert 131440 (base 5) to base 8.
12175
What is -2011231 (base 4) in base 14?
-3193
What is 141142 (base 5) in base 4?
1122211
What is 14878 (base 9) in base 15?
304b
9a (base 11) to base 6
301
Convert 44 (base 15) to base 5.
224
Convert -103204 (base 6) to base 9.
-12584
3a72 (base 13) to base 7
33262
What is -242366 (base 7) in base 14?
-120dd
Convert 6ca (base 13) to base 10.
1180
7363 (base 8) to base 2
111011110011
Convert 3b4 (base 15) to base 4.
31030
-9528 (base 13) to base 10
-20652
Convert -13450 (base 7) to base 16.
-e4d
Convert 57415 (base 9) to base 13.
14540
What is 5112 (base 7) in base 14?
909
What is -756 (base 12) in base 7?
-3063
Convert 6353 (base 10) to base 5.
200403
Convert 12601 (base 9) to base 5.
233011
What is 3677 (base 9) in base 5?
41433
Convert -349b (base 12) to base 6.
-43115
What is 12405 (base 7) in base 15?
e93
-479b (base 14) to base 3
-122010102
-14841 (base 10) to base 8
-34771
What is 76 (base 14) in base 9?
125
What is -103333 (base 4) in base 16?
-4ff
Convert -555 (base 9) to base 2.
-111000111
-315352 (base 6) to base 14
-95c0
What is -12f (base 16) in base 4?
-10233
What is 14398 (base 14) in base 13?
19a6c
Convert 122102 (base 3) to base 2.
111010110
Convert 84 (base 10) to base 5.
314
-24343 (base 5) to base 9
-2473
-63156 (base 9) to base 14
-11297
Convert -1255524 (base 6) to base 3.
-10112222021
What is -8bb6 (base 15) in base 12?
-151a6
f1d (base 16) to base 11
29a8
-11411 (base 6) to base 9
-2247
What is -140 (base 16) in base 4?
-11000
What is -3031 (base 8) in base 6?
-11121
-1034430 (base 6) to base 13
-1a61c
-963 (base 12) to base 15
-616
4a1 (base 16) to base 3
1121220
Convert -26726 (base 11) to base 14.
-dc87
-432a (base 13) to base 12
-5497
30343 (base 5) to base 16
7b5
Convert 1011021002 (base 3) to base 16.
5906
What is 1331 (base 9) in base 11?
82a
Convert -227 (base 10) to base 6.
-1015
What is 2fb (base 16) in base 9?
1037
Convert 1aa (base 13) to base 16.
135
-227 (base 12) to base 14
-18b
1121102 (base 3) to base 2
10010010100
What is 32441 (base 7) in base 11?
6107
Convert 1467 (base 8) to base 12.
587
What is -20d (base 15) in base 4?
-13033
-6a5 (base 15) to base 6
-10545
1203033 (base 4) to base 10
6351
-54345 (base 6) to base 10
-7481
-a067 (base 16) to base 14
-10d71
Convert 124040 (base 5) to base 13.
22c7
1211 (base 7) to base 5
3244
What is 278 (base 9) in base 12?
175
20534 (base 8) to base 14
3180
Convert -2304034 (base 5) to base 12.
-1b988
Convert -101000101 (base 2) to base 3.
-110001
a1a (base 12) to base 9
2004
What is 266 (base 13) in base 7?
1142
What is -210201 (base 3) in base 10?
-586
What is 4c1 (base 15) in base 2?
10000111001
Convert -303 (base 14) to base 9.
-726
Convert -11010111001101 (base 2) to base 13.
-6366
What is c148 (base 13) in base 12?
13481
Convert -1210 (base 4) to base 3.
-10201
What is 4d62 (base 15) in base 8?
40205
-1a7a6 (base 11) to base 10
-28914
-5636 (base 11) to base 5
-214140
-195 (base 10) to base 4
-3003
1f7 (base 16) to base 2
111110111
18583 (base 9) to base 10
12873
What is 623 (base 16) in base 15?
6eb
Convert 250 (base 6) to base 3.
10210
Convert -566 (base 13) to base 12.
-655
What is -15223 (base 6) in base 14?
-c7d
What is -940 (base 10) in base 12?
-664
20934 (base 12) to base 2
1010011100111000
What is 4675 (base 13) in base 16?
26aa
1341024 (base 5) to base 15
82c9
-22d1 (base 16) to base 8
-21321
-9a5 (base 11) to base 14
-620
What is -27c2 (base 16) in base 7?
-41450
Convert 10022 (base 4) to base 7.
530
Convert 73 (base 12) to base 4.
1113
Convert -1411 (base 7) to base 5.
-4142
What is -321 (base 8) in base 11?
-180
-33013 (base 4) to base 13
-595
-111220 (base 3) to base 5
-3000
What is 2a49 (base 11) in base 12?
2331
Convert 122111 (base 3) to base 2.
111011000
365 (base 7) to base 8
302
2a213 (base 11) to base 15
ca68
What is 1355 (base 9) in base 11?
84a
Convert 125 (base 9) to base 8.
150
1131110 (base 4) to base 5
142342
-19b47 (base 12) to base 9
-57021
Convert 115013 (base 8) to base 12.
1a9a3
What is -111001010 (base 2) in base 11?
-387
28c1 (base 13) to base 11
4487
-23031 (base 6) to base 8
-6273
-32064 (base 9) to base 5
-1134244
What is 1542 (base 16) in base 2?
1010101000010
What is 100012 (base 4) in base 13?
613
-30341 (base 8) to base 10
-12513
Convert 528 (base 10) to base 12.
380
-17d (base 16) to base 11
-317
What is 181 (base 15) in base 10?
346
What is a537 (base 14) in base 7?
146000
38b1 (base 12) to base 3
22212121
What is 110110101101110 (base 2) in base 4?
12311232
What is -3037 (base 8) in base 13?
-937
Convert 5450 (base 6) to base 11.
a40
What is -223560 (base 7) in base 16?
-9b34
-82a (base 11) to base 7
-2626
-76026 (base 8) to base 11
-21959
24344 (base 7) to base 12
3815
-3157 (base 8) to base 7
-4542
491 (base 10) to base 6
2135
Convert -1548a (base 11) to base 7.
-120533
What is 627 (base 13) in base 10?
1047
Convert 22220000 (base 3) to base 13.
2c46
Convert -2010 (base 7) to base 15.
-313
What is 696 (base 15) in base 8?
2723
What is -225 (base 6) in base 16?
-59
What is 5414 (base 6) in base 3?
1200201
What is -10111100011111 (base 2) in base 6?
-131503
Convert -44030 (base 5) to base 16.
-bc7
-c93d (base 14) to base 2
-1000011110111011
669 (base 11) to base 2
1